*f - 2*c, -y*c + 5*c = -3*f + 27. Let s = f + -9. Let t(r) = -3*r**2 - 2*r + 2. Give t(s).
-6
Suppose -3*x = 2*n - 20, 5*x - n = -13 + 42. Let v(y) be the first derivative of -11 + 4*y**2 - 1/3*y**3 - 9*y. Give v(x).
3
Let z(o) be the second derivative of o**3/3 - 5*o**2 + 79*o. What is z(9)?
8
Let c(i) be the third derivative of i**6/120 - i**5/6 + 5*i**4/12 - 2*i**3/3 + 380*i**2. Suppose 3*q = 4*l - 33, -l + q + 17 = l. What is c(l)?
5
Let d = 901 - 905. Let f(m) = m**3 + 4*m**2 + 3*m + 9. Determine f(d).
-3
Let m(c) be the second derivative of -c**5/120 - 5*c**4/12 - 13*c**3/2 - 15*c. Let k(j) be the second derivative of m(j). What is k(-7)?
-3
Let i be 1/2*-2 + 3. Let l be -1 - (1 - 1 - 1). Suppose i*w = -l*w. Let r(q) = -q**3 + 6. Determine r(w).
6
Suppose -3*x = 3*b + 30, -4*x = 5*b - 20 + 62. Let v = 11 + x. Let z(f) = 4*f + 4. Let l(p) = 5*p + 6. Let d(a) = 3*l(a) - 4*z(a). Determine d(v).
-1
Let l = -1 - -4. Let m(n) = 5*n**2 + 10*n - 7*n**2 - 2*n + l*n**2 + 1. Determine m(-9).
10
Suppose 0 = -2*o + 6*o - 8. Let z(l) = 1 - l**o - 1 - 5 - l + 4. Suppose -3*s + 5*k - 15 = 0, 2*s + 4*k - 6 = 2*k. Calculate z(s).
-1
Suppose -27*k = -56*k - 174. Let u(a) = -a**3 - 7*a**2 - a + 8. What is u(k)?
-22
Let y(d) = -d - 7. Let w be y(-18). Let p(r) = -r + 2. Calculate p(w).
-9
Let k(i) = 3*i**2 - 2*i. Let g be k(0). Suppose g = -18*c + 17*c. Let q(y) = -y**3 + y**2 - 2. What is q(c)?
-2
Suppose -x + 2*c - 8 = 0, 9 + 7 = 4*x + 4*c. Let t(k) = -8*k**2 + 4*k**3 - k - 3*k**2 - 11 + 12*k**2 - 5*k**3. What is t(x)?
-11
Let y(a) = a**2 + 2*a - 2. Let v = 11 + -20. Let q be -3 + 2 + v/(-3). Give y(q).
6
Let o(h) = -17 - 37*h**3 + 10*h**2 - 4*h**2 + 4 + 36*h**3 + 2*h**2 + 10*h. Calculate o(9).
-4
Let n(v) = v**3 + 2*v**2 - 4*v + 1. Let r(b) = b - 6. Suppose -5*x + 22 = -3. Suppose 0 = -4*p - x*k + 12, 4*k = -p + 2*k + 3. Let z be r(p). Calculate n(z).
4
Let k(v) = v**2 - 8*v - 2. Let l(d) = -d. Let x(f) = -1. Let q(p) = -l(p) - x(p). Let r(a) = k(a) + 6*q(a). Calculate r(4).
12
Let g(h) be the third derivative of h**5/30 + h**4/8 - 10*h**2 - h. What is g(-2)?
2
Let z(s) = -s**2 + 2*s + 4. Let l be 7 + -7 - (-8 - -3). What is z(l)?
-11
Let o(b) = -6*b - 10*b + 7*b - b + 1. Suppose 4 = -3*r + 7*r. Calculate o(r).
-9
Let g(t) be the first derivative of -1/2*t**2 - 27 - t. Calculate g(5).
-6
Let t(d) = 15*d**3 + 19*d**2 + 31*d - 4. Let j(w) = -7*w**3 - 8*w**2 - 15*w + 2. Let i(c) = 13*j(c) + 6*t(c). What is i(9)?
2
Suppose -33 = 2*y - 5*z, -3*z + 44 = -5*y - 10. Let g(u) = -2*u - 8. Determine g(y).
10
Let f = 23 - 18. Let x(w) = -6*w**2 - 9 - f*w + 7*w**2 - w. Let u be x(7). Let s(j) = 5*j + 3. What is s(u)?
-7
Suppose 0 = 2*f + 2*x - 12, 6 = -f + x + x. Let c(b) = -3*b**2 + 0*b**2 - b + 4 - f*b - b**3 + 4*b. Calculate c(-3).
1
Let f(v) be the first derivative of -v**3/3 - v**2/2 + 14*v - 129. Let s(t) = t**3 - 3*t**2 - 3*t - 5. Let n be s(4). Let g be -2*1 + 3 + n. Calculate f(g).
14
Let w(q) = q**2 - 14*q + 5. Let i = 439 + -425. What is w(i)?
5
Suppose 5*h = -15 + 35. Suppose h*o + 4*o + 48 = 0. Let k(t) = -3*t**3 + t**2 - 5*t - 2. Let m(v) = -v**3 - v**2. Let l(j) = k(j) - 4*m(j). Give l(o).
-8
Let l = 29 + -24. Suppose l*c - 44 = 41. Suppose d + 5*j + c = -3*d, -4*d = -5*j + 7. Let u(h) = h**3 + h**2 - 5*h - 2. Determine u(d).
-5
Let s(q) = -q**2 - 6*q + 8. Suppose 0 = -4*b + 2*b + 4. Suppose 2*a + 8 = -0*v - b*v, -5*a + 4*v = 47. What is s(a)?
1
Let d(y) = -y**3 - 7*y**2 - 6*y + 4. Let t(p) = -5*p + 27*p - 30 - 12*p - 13*p. Let c be t(-8). Determine d(c).
4
Let a(w) = w**2 + 3*w + 3. Let g be a(-3). Let j(s) = -2*s**2 + 2*s + 7. Determine j(g).
-5
Let h(a) = -9*a - 7. Let i(d) = 8*d + 7. Let o(k) = 6*h(k) + 7*i(k). Determine o(-3).
1
Let z(h) = 3*h - 10. Suppose -3*n + 22*y - 18*y + 3 = 0, 4*n - 26 = -2*y. Calculate z(n).
5
Let j(f) be the second derivative of f**4/12 - 5*f**3/3 + 3*f**2/2 - f. Suppose -m - 12 = -21. What is j(m)?
-6
Let i(h) = 87*h - 21. Let a(d) = 7*d. Let b(c) = 12*a(c) - i(c). Determine b(10).
-9
Let a(n) be the first derivative of 1/8*n**4 + 0*n - 1/24*n**5 + 2*n**3 + 3 + 0*n**2 - 1/360*n**6. Let g(q) be the third derivative of a(q). Determine g(-6).
-3
Let t(i) be the second derivative of 2*i**3/3 - 11*i**2 - 71*i. Calculate t(9).
14
Let f(o) = 3*o + 115 - 113 + o - o. Give f(-4).
-10
Let d(u) = -u**2 + 9*u - 8. Let b be (-406)/(-49) - (-18)/(-63). Determine d(b).
0
Let i(d) = 3*d - 1. Let m(y) = -y**2 - 5*y + 15. Let u = -10 + 3. Let g be m(u). Calculate i(g).
2
Let a be (2/(-4))/(2/(-24)). Let r(n) = 4*n**2 + 18*n - 9. Let u be r(-5). Let l(v) = -70*v - 69*v - u + 213*v - 75*v. Calculate l(a).
-7
Let a(g) = -9 + 32 + 10*g - 23. Suppose 3*p = -2*v + 3 - 0, 0 = 4*p - 5*v + 19. Calculate a(p).
-10
Let u(s) = -s**3 + 7*s**2 + 6. Let x(d) = 5*d - 43. Let q be x(10). Give u(q).
6
Let o(x) = -17*x**2 - 1 + 3*x**2 + 2. Let a be 324/180 - (16/10)/2. What is o(a)?
-13
Let m(a) = -a**3 + a**2 + a + 6. Suppose 0 = -4*g + g - 42. Let w = g - 0. Let s = -14 - w. Determine m(s).
6
Let n(m) = -15 - 5 + 18 + m. Give n(-11).
-13
Let b be -2*46/4 + (-2)/2. Let p be 15/18 + (-4)/b. Let h(c) = -21*c - 1. What is h(p)?
-22
Let s(c) = c**2 - 8*c + 9. Let p(f) = f**3 + 9*f**2 - 8*f - 1. Let g be p(-10). Let r be (g/(-6))/(-2*3/(-12)). Calculate s(r).
2
Suppose 12 = -20*z + 17*z. Let s be 10/z + (-6)/(-12). Let f(a) = 2*a**2 + a - 2. Calculate f(s).
4
Let u(d) be the first derivative of -2*d**2 + 37*d - 14. What is u(10)?
-3
Let h(u) = 3*u**3 - 4*u**2 + 10*u - 5. Let d(w) = 8*w**3 - 7*w**2 + 20*w - 11. Let v(r) = 2*d(r) - 5*h(r). Calculate v(-7).
24
Let t(i) = 6*i - 9. Let a(v) = -7*v + 5. Let n(x) = -3*a(x) - 4*t(x). Calculate n(7).
0
Let o(t) = t**3 - 6*t**2 - 10*t - 3. Let b(s) = -2*s**3 + 17*s**2 + 28*s + 8. Let m(q) = 6*b(q) + 17*o(q). Determine m(-1).
-6
Let q(t) = -2 + 1 - 2*t - 7. Let s(v) = 3*v + 8. Let z(m) = -4*q(m) - 3*s(m). Determine z(5).
3
Let i(t) be the second derivative of t**4/12 + t**3/3 - 6*t**2 + 35*t. Let u be i(-5). Let d(z) = -3*z - 4*z**3 + 3*z**3 + 4*z**2 - z**2 - 2. Give d(u).
-11
Let w(d) be the first derivative of d**3/3 - d**2 - d - 1. Let q be w(2). Let h(z) = -628*z + 2*z**2 + 1257*z - 630*z. Calculate h(q).
3
Suppose 7*v = 2185 - 2122. Let l(i) = i + 1. Calculate l(v).
10
Let x(v) = 2*v + 19. Suppose 2*p - 5*l + 3*l + 16 = 0, 2*l = 3*p + 29. What is x(p)?
-7
Let w = 982 + -982. Let s(i) be the second derivative of 4/3*i**3 + 8*i + w - i**2. Give s(-2).
-18
Let g(s) = -2*s**2 + 3*s - 2. Let w(i) = 3*i - 4. Let j(t) = -t**3 + 2*t**2 + 2*t + 1. Let f be j(-1). Let k be w(f). What is g(k)?
-4
Let a(n) = -175*n - 75. Let m(c) = -9*c - 4. Let f(z) = 4*a(z) - 75*m(z). Calculate f(1).
-25
Let g be 9 + -9 - (-3 - -2). Let c(t) = 1 - 3 - t + g + 15*t**2 + 2*t. What is c(1)?
15
Suppose 3*a = -2*a - 25. Let y(j) = -j**2 - 5*j + 2. What is y(a)?
2
Suppose 0 = -b - 1. Let d be 4/(12/(-15))*b. Suppose -d*n = 0, -n - 3 = -5*l - 33. Let r(o) = o**2 + 6*o - 7. Calculate r(l).
-7
Let t = -346 + 343. Let o(i) = i**3 + 4*i**2 + 3*i - 2. Determine o(t).
-2
Let x = -194 + 206. Let m(a) = -a**2 + 11*a + 7. Calculate m(x).
-5
Let s(d) = d**3 + 2*d**2 - 3*d - 4. Let u = 3 - -5. Suppose -3*p - 23 = 2*m, 2*p - 6 = u*m - 4*m. Determine s(m).
-24
Let q(o) = -2*o**2 + 21*o - 15. Let h(r) = -r**2 + 11*r - 8. Let b(t) = -5*h(t) + 3*q(t). Give b(8).
-5
Let n(d) = 117 + 129 - 234 + 10*d + d**2. Give n(-8).
-4
Let o(d) = 45*d**3 - d**2 - d + 1. Let h be (2 + -8)*1/(-6). What is o(h)?
44
Suppose 33*p = 37 - 103. Let s(n) = 2*n**2 + n - 2. Determine s(p).
4
Let j = 259 - 250. Let v(m) = m**2 - 3*m + 13. Give v(j).
67
Let k(c) be the third derivative of -c**5/60 - 13*c**4/24 - 2*c**3/3 + 208*c**2. Give k(-5).
36
Let k(x) = -x**3 + 3*x**2 + 2*x + 4. Let c(j) = -j - 4. Let d be c(-5). Suppose -4 + 31 = 9*q. Let s = q + d. Determine k(s).
-4
Let z(x) = 3*x**3 - x**2. Suppose -8*m = 9*m + 1462. Let j = -87 - m. What is z(j)?
-4
Let h = -419 - -419. Let l(w) be the first derivative of -2 + 6*w + 1/2*w**2. What is l(h)?
6
Suppose -u + 15 = -b, -2*u = b - 0*b - 45. Suppose d - u = -d. Let n be (-12 - -11)/(2/d). Let j(o) = o + 7. Calculate j(n).
2
Let y(v) = -v**3 - 8*v**2 + v. Let o = 487 + -495. Determine y(o).
-8
Let d = 34 - 19. Suppose 14*l - d*l + 3 = 0.